 (-12 - 4))) + 13
1
What is 42 - (6 + -16 + 37)?
15
What is the value of (1 - (-2 + 7)) + 6?
2
Calculate -50 - ((8 - 1) + 0 + -25).
-32
Calculate 4 + 17 + 4 + -5 + -2.
18
Calculate (-9 - -29) + -23 - -11 - -15.
23
What is 23 - (-19 - -44) - ((1 - 3) + -5)?
5
Evaluate -14 - (-4 + (22 - 2)) - -15.
-15
What is (3 - (7 + -4)) + (25 - 10)?
15
(2 - (1 - -32)) + (52 - (90 + -46))
-23
What is the value of (58 - 48) + -20 + -2 + -1?
-13
Evaluate 4 + -20 + (-2 - -1) + 15.
-2
What is -610 + 608 + (29 - 0)?
27
Evaluate (-19 - -8) + 2 + 4 + 4.
-1
2 + 22 + -6 + -12
6
What is -2 + 12 + (5 - (2 - 9))?
22
11 + (-18 - (-4 - 3))
0
What is the value of (-2 + 6 - 11) + 4 + 0 + -3?
-6
What is the value of 14 + -5 - (26 - 6)?
-11
What is the value of 30 - (34 + -17 - -35)?
-22
What is 181 + -218 + (15 - 2)?
-24
What is 18 + (14 - (-5 - -17))?
20
Evaluate (50 - 29) + (-16 - 0) - (1 - -23).
-19
What is (-11 + 0 - -19) + -10?
-2
What is 12 - ((-10 - -6) + 13)?
3
What is -3 + 36 + (-39 - -15)?
9
What is (-5 - 0) + 10 + 21 + -50?
-24
What is 0 + -1 + 4 + (3 - (-22 + 33))?
-5
What is the value of 176 + -214 + (-7 - -18)?
-27
What is the value of (1 - (0 + 7)) + (2 - (-14 - -2))?
8
(-5 - -9 - 19) + (125 - 82)
28
Calculate -5 + (1 - -3) - (-1 + -1).
1
Evaluate 110 + -109 - (1 - -6) - -22.
16
Evaluate 4 + -37 + (-12 - -19).
-26
What is the value of 7 + -1 + 12 + -12 + -34?
-28
What is the value of -7 + (18 - (-15 - -19))?
7
Evaluate -6 + 6 - -7 - (-4 - -6).
5
What is (-8 - -14) + (6 - (18 + -6))?
0
What is the value of (197 - 175) + -13 + 0?
9
12 + -3 + (-3 - (-5 - -21))
-10
What is the value of 17 + (5 - (45 - 31) - (-13 - 1))?
22
What is the value of (18 - 30 - -18) + -14?
-8
3 - ((-12 - -23) + 7)
-15
Calculate -7 - (-8 + 0) - -4 - -1 - 5.
1
14 + -41 + 14 + 13 + 3
3
10 - (-22 + 32 - 11)
11
Calculate 14 - (-45 + 52 + (-11 - -2)).
16
Calculate 19 + -4 + -3 + 15.
27
Evaluate -1 - (0 - -1) - ((28 - 89) + 56).
3
Calculate -3 + 12 - 9 - 9.
-9
Evaluate 11 + 5 - (-8 + 23).
1
8 + (-4 - (0 + -31 + 13))
22
-6 + 2 - (6 - 5)
-5
What is the value of (-2 - 1) + (5 - -22) + -32?
-8
Evaluate -6 - (7 + 31 + -9).
-35
What is (-1 - -2) + 0 + -4 + (29 - 23)?
3
What is -27 + (-37 - (5 - 47))?
-22
Calculate (-14 - (2 - 7)) + -1 - -14.
4
What is the value of -21 - (-23 + (16 - 9) - -4)?
-9
(-3 - -20) + -39 - -20
-2
Calculate -6 - (2 - (28 + -21)).
-1
Evaluate -3 + 21 + -27 + 17.
8
-9 + (11 - -2) + -15 + 6 + -6
-11
Evaluate 14 + -1 - (-19 + 16 - -5) - 6.
5
Evaluate 8 + -5 - (15 + (-4 - -3) + 4).
-15
Evaluate (-2 - -24) + -2 - (15 + -1).
6
Calculate -6 + (2 - 10) + (-5 - (-26 - -4)).
3
Calculate 22 + -2 + -1 - (-43 - -50).
12
Calculate 4 - (-10 + 6 + 5 + (-8 - 1)).
12
Evaluate (-26 - -85) + -19 - 19.
21
What is -23 - -9 - ((1 - -4) + (36 - 41))?
-14
(1 - (0 + 4) - 3) + (-31 - -30)
-7
Calculate -4 + 13 + -2 + -2 + -7 - 11.
-13
3 - (2 + 4 - 5 - -6)
-4
What is the value of -2 + -19 + -9 + (25 - 9) - -2?
-12
Evaluate -15 + 16 - -1 - (2 + -15).
15
Evaluate 10 + -34 - -1 - (-9 - (2 + 1)).
-11
Evaluate 4 + -3 + -8 + 6 - -1 - -5.
5
(-33 - (32 + -106)) + -26
15
Calculate 24 + -46 - (-6 - 3) - -15.
2
Calculate (-2 - (8 + -30)) + -7.
13
0 + -2 + 18 + -969 + 960
7
What is the value of (-3 - 3) + 11 + -13 + -7 + -2?
-17
Calculate -163 + 147 - (-2 + -6).
-8
Evaluate -9 - ((6 - 3) + 3 + -13).
-2
What is -1 + (1 - (8 + 3 + -15))?
4
-22 - 1 - (-174 + 170)
-19
-19 + 12 + -23 + 17 + 0 + -6
-19
Calculate (1 - (-29 + -16 + 31)) + 7.
22
Evaluate -1 + 13 + (-1 - 4) + 4 + -5.
6
What is -30 + 2 - (-318 + 300) - -4?
-6
Evaluate 1 + 27 - 11 - 42.
-25
What is -23 + 24 + -15 - -9 - (-1 - -4)?
-8
Evaluate -10 - (6 + 21 - 40).
3
(-47 - -4 - -19) + 10
-14
What is the value of (1 + 12 - (0 + 1)) + -1605 + 1603?
10
What is the value of (-12 - -32) + (3 - 7) + -1 + 1?
16
What is (-6 - ((9 - 8) + -13)) + 14?
20
What is 10 - (-2 + -11 - -21)?
2
Evaluate -7 + -1 - (4 - (-13 - -8)).
-17
Calculate -3 - (11 + (-15 - (2 - 7) - 35)).
31
(-1 - 15) + 13 + -5 + 3
-5
Evaluate -1 + (21 - 13 - (3 + -6)).
10
Evaluate 17 + (0 + (9 - 5) - 5).
16
Calculate -14 - (29 + -28 + (-19 - -28)).
-24
What is the value of (7 - 31) + 17 + 27 + -52?
-32
What is 2 + (-15 - (-59 - -44 - (-3 - 2)))?
-3
((-1 - 11) + 11 - 1) + (-9 - 1)
-12
Evaluate -15 - (-6 - 9 - -20 - 9).
-11
Evaluate (-45 - -73) + -1 + (-10 - 1).
16
What is the value of -28 + 29 - (17 + -10)?
-6
Evaluate (-2 - -13) + -5 - 10 - (0 + -20).
16
Calculate 3 + (-16 - (8 + -4 - 10)) - -15.
8
(1 - -8) + (-27 - (-1 + -26)) + -4
5
What is the value of -984 + 981 + (2 - 0 - -5)?
4
Calculate -12 + (3 - 12) + (4 - (3 + -6)).
-14
What is the value of -1 - (16 + 1) - (76 + -86)?
-8
(-3 - (6 - 1)) + (9 - 3)
-2
-1 + (57 - 62 - (-2 - -11)) - 5
-20
21 + (15 + 7 - 23)
20
What is -3 + (23 + 4 - 13)?
11
-15 - (18 + -19) - -16
2
Evaluate (6 - 2) + (-42 - -45) - (5 + 1).
1
Evaluate -1 - (27 - -14 - 38).
-4
Calculate -1 + -35 - 0 - (23 + 30 + -62).
-27
-105 - -90 - (-24 - -4)
5
Evaluate -9 + 2 + -1 - (0 - 14).
6
14 - (-10 + 23) - 10
-9
What is -12 - ((-7 - -9) + 0 + -4 - 5)?
-5
-30 - (26 - 58) - (-1 + 14)
-11
What is 2 + -40 + 47 - (0 + 31)?
-22
2 + (-34 - -18) + 10 - (4 + 1)
-9
What is the value of 2 + 4 + -6 + 11 + -6 + -17?
-12
What is -5 - ((0 - 6) + (81 - 69) - 7)?
-4
(-4 - (6 - -1)) + 1 - (-72 + 73)
-11
Calculate 7 + 1 - (-52 + (51 - -8)).
1
Calculate (10 - 0 - (-6 - -14)) + 10.
12
13 - 1 - (710 - 706)
8
Calculate (1 - (-4 + 7) - -1) + -6.
-7
What is -12 - (4 - (16 - 3))?
-3
Evaluate (-2 + -1 - -1) + (143 - 151).
-10
What is -14 - ((3 - 28) + 6)?
5
What is 37 - (-15 - (-50 - 42))?
-40
Evaluate 5 + -13 + 3 - (10 - 12).
-3
Evaluate (31 + 4 - 28) + 10.
17
(68 - 43 - 20) + (0 - -1 - 25)
-19
Calculate 1 + -16 + 22 - -13.
20
What is 0 + 27 + (-7 - 3)?
17
What is the value of (0 - -3) + 0 - (-7 - (-13 - -8))?
5
Evaluate 2 + 5 + 1 + (-2 - 12).
-6
Evaluate 36 + -63 + (47 - -3).
23
What is 49 - 39 - 33 - -19?
-4
What is -1 - (1 - 2 - -3) - (-3 + 2)?
-2
What is -2 - 4 - (-25 - (-34 - 2))?
-17
What is (-9 - (-38 + 35)) + -5?
-11
What is 13 + (1 - 1) + -2064 + 2060?
9
What is (1 - 8) + (-8 - 19 - -37)?
3
Calculate 5 + (3 - 0) - -1 - 2.
7
What is the value of 266 + -274 + (-2 - 0) + -1?
-11
Calculate (-10 - (-15 - -16)) + 15.
4
Calculate 1 + (-1 - 7) - (-1 + -17 - -16).
-5
Evaluate -3 + -5 + 18 - 23.
-13
What is 4 + 6 - (10 - (-15 - -3))?
-12
Evaluate -31 + 2 - (51 + -43).
-37
Calculate (20 + -25 - (-18 + 0)) + (0 - 3).
10
Evaluate (26 - (-2 - -8)) + -13.
7
What is -13 - -15 - (1 + 6)?
-5
What is the value of 0 + 1 + -9 + (-1294 - -1295)?
-7
What is the value of 22 - (-11 - -12 - -10) - -2 - 8?
5
Calculate 39 + -13 - (-33 - -40).
19
-5 + -28 - ((-9 - -3) + -10)
-17
What is -6 - -3 - -3 - (7 - 30)?
23
What is the value of (20 - (1 - 2)) + (11 - -2 - 20)?
14
What is -3 - 0 - ((11 - 18) + -10) - 6?
8
9 + 3 + -13 + -2 + 7
4
-2 + (1 + -17 - 1) - (-7 + 4)
-16
Calculate (-28 - -21 - ((-3 - 2) + 14)) + 2.
-14
(40 - 18) + -11 - 37
-26
Calculate -7 + (30 - (6 + 16 - 11)).
12
What is the value of (-1 - 5) + 24 + -13 + 10?
15
-7 + 3 + -11 - -3
-12
14 - (-1 - -12 - 6) - 16 - -4
-3
What is (-129 - -126) + -7 + -7?
-17
What is 8 + -4 + 11 + -5 + -2?
8
What is the value of 2 + 2 + -5 + (-8 - 0 - -7)?
-2
What is 2 + -13 + (-7 - -8) + 6 + -24?
-28
Calculate (0 + 9 - 12) + 2.
-1
What is the value of -4 + 16 + 14 + -11?
15
What is the value of -22 + (33 + -12 - 16) + -7 + -2?
-26
Evaluate -2 + -33 + 52 + 36 + -93.
-40
Evaluate 8 + -13 + (-5 - -3) - -6.
-1
6 - (-3 + (-2 - -1)) - (-17 - -9)
18
What is the value of 0 + (2 - -10) - 25?
-13
What is -28 + (5 + -8 - -14)?
-17
What is the value of -1 - -28 - (37 - (10 + 18))?
18
What is the value of 51 + -48 + (-3 - -8) + -23?
-15
Calculate 0 + (-16 - -24 - 0).
8
Evaluate 16 + (20 - 1) - 52.
-17
What is the value of (-10 - (-18 + 25)) + 34?
17
Calculate -24 + 44 + -59 + 0.
-39
What is the value of 14 + 23 + -22 + -28?
-13
Calculate 6 + (-5 - 2) + 6 - (-1 + 0).
6
What is -9 + (-9 - (10 + -13 + -5) - -16)?
6
What is (-2 + 0 - (48 + -57) - 7) + -21?
-21
Evaluate (-133 - -127) + (-4 - (-2 + (-5 - -2))).
-5
What is 21 + (-29 - 45 - -20)?
-33
What is (1 - 2) + (4 - 6) + 9?
6
Evaluate 4 + (12 - 26) + 23.
13
What is -17 - (3 - (31 - -17))?
28
What is 56 - (34 - -6 - 12)?
28
Calculate 10 - 1 - (19 - (9 - -1)).
